{"id":5452,"date":"2024-05-15T18:00:05","date_gmt":"2024-05-15T21:00:05","guid":{"rendered":"https:\/\/grupofenix.info\/?post_type=product&#038;p=5452"},"modified":"2024-07-19T11:47:53","modified_gmt":"2024-07-19T14:47:53","slug":"suavemente-para-o-sempre","status":"publish","type":"product","link":"https:\/\/grupofenix.info\/index.php\/product\/suavemente-para-o-sempre\/","title":{"rendered":"SUAVEMENTE PARA O SEMPRE"},"content":{"rendered":"<p>Inclui rosas, cravos, pompons almofadados, l\u00edrios asi\u00e1ticos, l\u00edrios stargazer e hort\u00eansias. Todas as flores est\u00e3o lindamente inseridas entre verdes exuberantes e contrastantes, como aspidistra e hera.<\/p>\n","protected":false},"excerpt":{"rendered":"<p>Este spray ador\u00e1vel, fresco e brilhante \u00e9 ideal para uma express\u00e3o elegante de tristeza e simpatia sinceras. Este arranjo funer\u00e1rio cl\u00e1ssico \u00e9 projetado com flores rosa que variam de tons past\u00e9is claros a um rosa profundo.<\/p>\n","protected":false},"featured_media":5467,"comment_status":"open","ping_status":"closed","template":"","meta":[],"product_cat":[92],"product_tag":[93],"class_list":{"0":"post-5452","1":"product","2":"type-product","3":"status-publish","4":"has-post-thumbnail","6":"product_cat-spray","7":"product_tag-spray","9":"first","10":"instock","11":"taxable","12":"shipping-taxable","13":"purchasable","14":"product-type-simple"},"_links":{"self":[{"href":"https:\/\/grupofenix.info\/index.php\/wp-json\/wp\/v2\/product\/5452","targetHints":{"allow":["GET"]}}],"collection":[{"href":"https:\/\/grupofenix.info\/index.php\/wp-json\/wp\/v2\/product"}],"about":[{"href":"https:\/\/grupofenix.info\/index.php\/wp-json\/wp\/v2\/types\/product"}],"replies":[{"embeddable":true,"href":"https:\/\/grupofenix.info\/index.php\/wp-json\/wp\/v2\/comments?post=5452"}],"version-history":[{"count":2,"href":"https:\/\/grupofenix.info\/index.php\/wp-json\/wp\/v2\/product\/5452\/revisions"}],"predecessor-version":[{"id":5510,"href":"https:\/\/grupofenix.info\/index.php\/wp-json\/wp\/v2\/product\/5452\/revisions\/5510"}],"wp:featuredmedia":[{"embeddable":true,"href":"https:\/\/grupofenix.info\/index.php\/wp-json\/wp\/v2\/media\/5467"}],"wp:attachment":[{"href":"https:\/\/grupofenix.info\/index.php\/wp-json\/wp\/v2\/media?parent=5452"}],"wp:term":[{"taxonomy":"product_cat","embeddable":true,"href":"https:\/\/grupofenix.info\/index.php\/wp-json\/wp\/v2\/product_cat?post=5452"},{"taxonomy":"product_tag","embeddable":true,"href":"https:\/\/grupofenix.info\/index.php\/wp-json\/wp\/v2\/product_tag?post=5452"}],"curies":[{"name":"wp","href":"https:\/\/api.w.org\/{rel}","templated":true}]}}