{"id":5445,"date":"2024-05-15T18:00:04","date_gmt":"2024-05-15T21:00:04","guid":{"rendered":"https:\/\/grupofenix.info\/?post_type=product&#038;p=5445"},"modified":"2024-07-19T11:43:01","modified_gmt":"2024-07-19T14:43:01","slug":"graciosa","status":"publish","type":"product","link":"https:\/\/grupofenix.info\/index.php\/product\/graciosa\/","title":{"rendered":"GRACIOSA"},"content":{"rendered":"<p>Rosas vermelhas, cravos e margaridas g\u00e9rbera s\u00e3o acentuados com mini cravos cor de vinho e uma variedade de verdes exuberantes para criar um spray arrebatador que desliza pela face de uma coroa de cris\u00e2ntemos branca como a neve. Esta \u00e9 uma bela lembran\u00e7a para algu\u00e9m que tocou sua vida como nenhuma outra.<\/p>\n","protected":false},"excerpt":{"rendered":"<p>Nossa graciosa coroa Graciosa cria uma apresenta\u00e7\u00e3o impressionante da serenidade do amor para seu servi\u00e7o de despedida final.<\/p>\n","protected":false},"featured_media":5487,"comment_status":"open","ping_status":"closed","template":"","meta":[],"product_cat":[85],"product_tag":[86],"class_list":{"0":"post-5445","1":"product","2":"type-product","3":"status-publish","4":"has-post-thumbnail","6":"product_cat-coroa","7":"product_tag-coroa","9":"first","10":"instock","11":"taxable","12":"shipping-taxable","13":"purchasable","14":"product-type-simple"},"_links":{"self":[{"href":"https:\/\/grupofenix.info\/index.php\/wp-json\/wp\/v2\/product\/5445","targetHints":{"allow":["GET"]}}],"collection":[{"href":"https:\/\/grupofenix.info\/index.php\/wp-json\/wp\/v2\/product"}],"about":[{"href":"https:\/\/grupofenix.info\/index.php\/wp-json\/wp\/v2\/types\/product"}],"replies":[{"embeddable":true,"href":"https:\/\/grupofenix.info\/index.php\/wp-json\/wp\/v2\/comments?post=5445"}],"version-history":[{"count":3,"href":"https:\/\/grupofenix.info\/index.php\/wp-json\/wp\/v2\/product\/5445\/revisions"}],"predecessor-version":[{"id":5512,"href":"https:\/\/grupofenix.info\/index.php\/wp-json\/wp\/v2\/product\/5445\/revisions\/5512"}],"wp:featuredmedia":[{"embeddable":true,"href":"https:\/\/grupofenix.info\/index.php\/wp-json\/wp\/v2\/media\/5487"}],"wp:attachment":[{"href":"https:\/\/grupofenix.info\/index.php\/wp-json\/wp\/v2\/media?parent=5445"}],"wp:term":[{"taxonomy":"product_cat","embeddable":true,"href":"https:\/\/grupofenix.info\/index.php\/wp-json\/wp\/v2\/product_cat?post=5445"},{"taxonomy":"product_tag","embeddable":true,"href":"https:\/\/grupofenix.info\/index.php\/wp-json\/wp\/v2\/product_tag?post=5445"}],"curies":[{"name":"wp","href":"https:\/\/api.w.org\/{rel}","templated":true}]}}