{"id":5402,"date":"2024-05-15T17:59:48","date_gmt":"2024-05-15T20:59:48","guid":{"rendered":"https:\/\/grupofenix.info\/?post_type=product&#038;p=5402"},"modified":"2024-07-18T15:54:34","modified_gmt":"2024-07-18T18:54:34","slug":"sempre-brilhante","status":"publish","type":"product","link":"https:\/\/grupofenix.info\/index.php\/product\/sempre-brilhante\/","title":{"rendered":"SEMPRE BRILHANTE"},"content":{"rendered":"<p>Lindas rosas lavanda s\u00e3o arranjadas com caldo rosa perfumado e verdes exuberantes. Flores e folhagens ficam juntas em um vaso de vidro transparente. Este \u00e9 um buqu\u00ea que transmitir\u00e1 lindamente suas mais profundas simpatias.<\/p>\n","protected":false},"excerpt":{"rendered":"<p>Nosso buqu\u00ea Sempre Brilhante oferece calor e conforto ao seu destinat\u00e1rio especial durante este per\u00edodo de perda e luto<\/p>\n","protected":false},"featured_media":5490,"comment_status":"open","ping_status":"closed","template":"","meta":[],"product_cat":[82],"product_tag":[84,83],"class_list":{"0":"post-5402","1":"product","2":"type-product","3":"status-publish","4":"has-post-thumbnail","6":"product_cat-vaso-buque","7":"product_tag-buque","8":"product_tag-vaso","10":"first","11":"instock","12":"taxable","13":"shipping-taxable","14":"purchasable","15":"product-type-simple"},"_links":{"self":[{"href":"https:\/\/grupofenix.info\/index.php\/wp-json\/wp\/v2\/product\/5402","targetHints":{"allow":["GET"]}}],"collection":[{"href":"https:\/\/grupofenix.info\/index.php\/wp-json\/wp\/v2\/product"}],"about":[{"href":"https:\/\/grupofenix.info\/index.php\/wp-json\/wp\/v2\/types\/product"}],"replies":[{"embeddable":true,"href":"https:\/\/grupofenix.info\/index.php\/wp-json\/wp\/v2\/comments?post=5402"}],"version-history":[{"count":2,"href":"https:\/\/grupofenix.info\/index.php\/wp-json\/wp\/v2\/product\/5402\/revisions"}],"predecessor-version":[{"id":5552,"href":"https:\/\/grupofenix.info\/index.php\/wp-json\/wp\/v2\/product\/5402\/revisions\/5552"}],"wp:featuredmedia":[{"embeddable":true,"href":"https:\/\/grupofenix.info\/index.php\/wp-json\/wp\/v2\/media\/5490"}],"wp:attachment":[{"href":"https:\/\/grupofenix.info\/index.php\/wp-json\/wp\/v2\/media?parent=5402"}],"wp:term":[{"taxonomy":"product_cat","embeddable":true,"href":"https:\/\/grupofenix.info\/index.php\/wp-json\/wp\/v2\/product_cat?post=5402"},{"taxonomy":"product_tag","embeddable":true,"href":"https:\/\/grupofenix.info\/index.php\/wp-json\/wp\/v2\/product_tag?post=5402"}],"curies":[{"name":"wp","href":"https:\/\/api.w.org\/{rel}","templated":true}]}}