{"id":5394,"date":"2024-05-15T17:59:48","date_gmt":"2024-05-15T20:59:48","guid":{"rendered":"https:\/\/grupofenix.info\/?post_type=product&#038;p=5394"},"modified":"2024-07-18T15:46:44","modified_gmt":"2024-07-18T18:46:44","slug":"respeito-sincero","status":"publish","type":"product","link":"https:\/\/grupofenix.info\/index.php\/product\/respeito-sincero\/","title":{"rendered":"RESPEITO SINCERO"},"content":{"rendered":"<p>Este buqu\u00ea apresenta uma maravilhosa mistura de rosas brancas, margaridas brancas tradicionais e l\u00edrios asi\u00e1ticos brancos com \u00edris azul colorida e est\u00e1tica roxa. As flores s\u00e3o habilmente apresentadas em um cl\u00e1ssico vaso de vidro transparente. Este arranjo de flores frescas \u00e9 uma maneira maravilhosa de homenagear uma vida bem vivida.<\/p>\n","protected":false},"excerpt":{"rendered":"<p>Nosso buqu\u00ea Respeito Sincero \u00e9 uma maneira suave e ador\u00e1vel de expressar suas condol\u00eancias pela perda de seu destinat\u00e1rio especial.<\/p>\n","protected":false},"featured_media":5466,"comment_status":"open","ping_status":"closed","template":"","meta":[],"product_cat":[82],"product_tag":[84,83],"class_list":{"0":"post-5394","1":"product","2":"type-product","3":"status-publish","4":"has-post-thumbnail","6":"product_cat-vaso-buque","7":"product_tag-buque","8":"product_tag-vaso","10":"first","11":"instock","12":"taxable","13":"shipping-taxable","14":"purchasable","15":"product-type-simple"},"_links":{"self":[{"href":"https:\/\/grupofenix.info\/index.php\/wp-json\/wp\/v2\/product\/5394","targetHints":{"allow":["GET"]}}],"collection":[{"href":"https:\/\/grupofenix.info\/index.php\/wp-json\/wp\/v2\/product"}],"about":[{"href":"https:\/\/grupofenix.info\/index.php\/wp-json\/wp\/v2\/types\/product"}],"replies":[{"embeddable":true,"href":"https:\/\/grupofenix.info\/index.php\/wp-json\/wp\/v2\/comments?post=5394"}],"version-history":[{"count":2,"href":"https:\/\/grupofenix.info\/index.php\/wp-json\/wp\/v2\/product\/5394\/revisions"}],"predecessor-version":[{"id":5542,"href":"https:\/\/grupofenix.info\/index.php\/wp-json\/wp\/v2\/product\/5394\/revisions\/5542"}],"wp:featuredmedia":[{"embeddable":true,"href":"https:\/\/grupofenix.info\/index.php\/wp-json\/wp\/v2\/media\/5466"}],"wp:attachment":[{"href":"https:\/\/grupofenix.info\/index.php\/wp-json\/wp\/v2\/media?parent=5394"}],"wp:term":[{"taxonomy":"product_cat","embeddable":true,"href":"https:\/\/grupofenix.info\/index.php\/wp-json\/wp\/v2\/product_cat?post=5394"},{"taxonomy":"product_tag","embeddable":true,"href":"https:\/\/grupofenix.info\/index.php\/wp-json\/wp\/v2\/product_tag?post=5394"}],"curies":[{"name":"wp","href":"https:\/\/api.w.org\/{rel}","templated":true}]}}