{"id":5392,"date":"2024-05-15T17:59:48","date_gmt":"2024-05-15T20:59:48","guid":{"rendered":"https:\/\/grupofenix.info\/?post_type=product&#038;p=5392"},"modified":"2024-07-18T15:45:25","modified_gmt":"2024-07-18T18:45:25","slug":"glorioso","status":"publish","type":"product","link":"https:\/\/grupofenix.info\/index.php\/product\/glorioso\/","title":{"rendered":"GLORIOSO"},"content":{"rendered":"<p>A guirlanda \u00e9 feita \u00e0 m\u00e3o com pompons de almofada lil\u00e1s, glad\u00edolos rosa e rosas rosa e lil\u00e1s sobre uma base de verdes variados com fundo plano para estabilidade em uma mesa ou altar. Tamb\u00e9m pode ser usado para real\u00e7ar a exibi\u00e7\u00e3o de est\u00e1tuas religiosas, uma fotografia ou lembran\u00e7a significativa ou um casti\u00e7al.<\/p>\n","protected":false},"excerpt":{"rendered":"<p>Uma coroa de lindas flores frescas em tons past\u00e9is cria um cen\u00e1rio brilhante e corado para uma urna de seu ente querido para visita\u00e7\u00e3o, funeral ou servi\u00e7o memorial<\/p>\n","protected":false},"featured_media":5493,"comment_status":"open","ping_status":"closed","template":"","meta":[],"product_cat":[81],"product_tag":[67],"class_list":{"0":"post-5392","1":"product","2":"type-product","3":"status-publish","4":"has-post-thumbnail","6":"product_cat-arranjo-de-urna","7":"product_tag-arranjos","9":"first","10":"instock","11":"taxable","12":"shipping-taxable","13":"purchasable","14":"product-type-simple"},"_links":{"self":[{"href":"https:\/\/grupofenix.info\/index.php\/wp-json\/wp\/v2\/product\/5392","targetHints":{"allow":["GET"]}}],"collection":[{"href":"https:\/\/grupofenix.info\/index.php\/wp-json\/wp\/v2\/product"}],"about":[{"href":"https:\/\/grupofenix.info\/index.php\/wp-json\/wp\/v2\/types\/product"}],"replies":[{"embeddable":true,"href":"https:\/\/grupofenix.info\/index.php\/wp-json\/wp\/v2\/comments?post=5392"}],"version-history":[{"count":2,"href":"https:\/\/grupofenix.info\/index.php\/wp-json\/wp\/v2\/product\/5392\/revisions"}],"predecessor-version":[{"id":5540,"href":"https:\/\/grupofenix.info\/index.php\/wp-json\/wp\/v2\/product\/5392\/revisions\/5540"}],"wp:featuredmedia":[{"embeddable":true,"href":"https:\/\/grupofenix.info\/index.php\/wp-json\/wp\/v2\/media\/5493"}],"wp:attachment":[{"href":"https:\/\/grupofenix.info\/index.php\/wp-json\/wp\/v2\/media?parent=5392"}],"wp:term":[{"taxonomy":"product_cat","embeddable":true,"href":"https:\/\/grupofenix.info\/index.php\/wp-json\/wp\/v2\/product_cat?post=5392"},{"taxonomy":"product_tag","embeddable":true,"href":"https:\/\/grupofenix.info\/index.php\/wp-json\/wp\/v2\/product_tag?post=5392"}],"curies":[{"name":"wp","href":"https:\/\/api.w.org\/{rel}","templated":true}]}}