{"id":5390,"date":"2024-05-15T17:59:47","date_gmt":"2024-05-15T20:59:47","guid":{"rendered":"https:\/\/grupofenix.info\/?post_type=product&#038;p=5390"},"modified":"2024-07-19T11:32:24","modified_gmt":"2024-07-19T14:32:24","slug":"graa-circundante","status":"publish","type":"product","link":"https:\/\/grupofenix.info\/index.php\/product\/graa-circundante\/","title":{"rendered":"GRA\u00c7A CIRCUNDANTE"},"content":{"rendered":"<p>A guirlanda de mesa \u00e9 constru\u00edda com pompons almofadados brancos e glad\u00edolos sobre uma base de verdes variados com fundo plano para estabilidade quando exibida. Seu design permite m\u00faltiplas op\u00e7\u00f5es de exibi\u00e7\u00e3o, incluindo o aprimoramento de uma est\u00e1tua religiosa, lembran\u00e7a pessoal, fotografia ou casti\u00e7al.<\/p>\n","protected":false},"excerpt":{"rendered":"<p>Um anel de flores brancas celestiais cria um cen\u00e1rio bonito, sereno e digno para uma urna de seu ente querido<\/p>\n","protected":false},"featured_media":5478,"comment_status":"open","ping_status":"closed","template":"","meta":[],"product_cat":[81],"product_tag":[67],"class_list":{"0":"post-5390","1":"product","2":"type-product","3":"status-publish","4":"has-post-thumbnail","6":"product_cat-arranjo-de-urna","7":"product_tag-arranjos","9":"first","10":"instock","11":"taxable","12":"shipping-taxable","13":"purchasable","14":"product-type-simple"},"_links":{"self":[{"href":"https:\/\/grupofenix.info\/index.php\/wp-json\/wp\/v2\/product\/5390","targetHints":{"allow":["GET"]}}],"collection":[{"href":"https:\/\/grupofenix.info\/index.php\/wp-json\/wp\/v2\/product"}],"about":[{"href":"https:\/\/grupofenix.info\/index.php\/wp-json\/wp\/v2\/types\/product"}],"replies":[{"embeddable":true,"href":"https:\/\/grupofenix.info\/index.php\/wp-json\/wp\/v2\/comments?post=5390"}],"version-history":[{"count":3,"href":"https:\/\/grupofenix.info\/index.php\/wp-json\/wp\/v2\/product\/5390\/revisions"}],"predecessor-version":[{"id":5555,"href":"https:\/\/grupofenix.info\/index.php\/wp-json\/wp\/v2\/product\/5390\/revisions\/5555"}],"wp:featuredmedia":[{"embeddable":true,"href":"https:\/\/grupofenix.info\/index.php\/wp-json\/wp\/v2\/media\/5478"}],"wp:attachment":[{"href":"https:\/\/grupofenix.info\/index.php\/wp-json\/wp\/v2\/media?parent=5390"}],"wp:term":[{"taxonomy":"product_cat","embeddable":true,"href":"https:\/\/grupofenix.info\/index.php\/wp-json\/wp\/v2\/product_cat?post=5390"},{"taxonomy":"product_tag","embeddable":true,"href":"https:\/\/grupofenix.info\/index.php\/wp-json\/wp\/v2\/product_tag?post=5390"}],"curies":[{"name":"wp","href":"https:\/\/api.w.org\/{rel}","templated":true}]}}